 d(-4). Suppose -g + 0*g + 2 = 0. Suppose g*p - 133 = -33. Calculate the greatest common factor of p and l.
5
Let b = -6 + 3. Let m be 2 + b + 5 + -2. Let d be (-7)/((-7)/m) + 1. Calculate the highest common divisor of d and 1.
1
Suppose 0 = -0*q + 4*q. Suppose u + 3*u - 72 = q. Let g be (2 - 384/84)/((-8)/84). What is the highest common divisor of u and g?
9
Let f = -18 - -31. Suppose f*i - 261 = 4*i. Calculate the greatest common factor of 232 and i.
29
Suppose 3*o - 9 = 5*p, -3*p + 0 - 3 = -3*o. Let a be 3/((-51)/o) - (-12222)/153. Let j be 9/6*64/3. Calculate the greatest common factor of j and a.
16
Let d(a) = -2*a + 1. Let z be d(-4). Suppose 0 = -0*b + b - z. Calculate the greatest common factor of b and 36.
9
Let j be 2496/(0 - -6) - 0. What is the highest common factor of j and 13?
13
Let t(j) = -105*j. Let w be t(-1). Let z = 6551 - 6536. Calculate the highest common factor of w and z.
15
Suppose -42*x - 125 = -47*x. Calculate the highest common divisor of 25 and x.
25
Suppose 6*w - 220 - 62 = 0. What is the highest common divisor of w and 376?
47
Suppose 0 = -0*w - 14*w + 770. Calculate the highest common divisor of 77 and w.
11
Suppose 0 = 2*t + 5*k - 21, -11*k + 8*k + 9 = t. What is the highest common divisor of 4 and t?
2
Let s be 1/(1/(-6))*-4. Suppose -79 = -f - 5*v + 6*v, 0 = 5*f - 3*v - 395. Let g = 82 - f. Calculate the greatest common factor of s and g.
3
Let u be 3*(2 - (0 - 0/3)). Suppose -2*k = 2*l - 0*k + 2, 0 = 4*l - k - u. Calculate the highest common divisor of 8 and l.
1
Let y = 240 - 144. What is the highest common factor of 240 and y?
48
Let y(j) = j**2 - 11*j + 10. Let h be y(12). Let b be (-2 + h/(-1))*(-24)/32. What is the greatest common factor of 9 and b?
9
Suppose -78 = -5*v - 4*z + 155, -3*v - 5*z + 145 = 0. Let h = 9 + -10. Let b = h - -6. What is the greatest common divisor of b and v?
5
Suppose 0 = 5*t - l - 281 - 440, -5*l + 427 = 3*t. What is the highest common divisor of t and 162?
18
Suppose 2*u - 5*f + 0 = 64, -u + 32 = -2*f. Calculate the greatest common divisor of u and 656.
16
Let c be (-671)/(-2) + 3/6. Let f = c - 224. What is the greatest common divisor of f and 14?
14
Let b = 38 + -24. Let v = -12 + 7. Let o = v + 19. What is the highest common factor of o and b?
14
Let p = 55 - -35. Let v(l) = 11*l**2 - 1. Let k be v(-1). Calculate the greatest common divisor of p and k.
10
Let h(i) = 4*i**2 + 18*i - 18. Let o be h(-6). What is the greatest common factor of o and 396?
18
Let j = 31 + -58. Let l = -17 - j. Suppose 7*f = -5*x + 2*f + 105, 2*f = -x + 22. What is the highest common divisor of l and x?
10
Let f = 80 - 29. Let t = 87 - f. What is the greatest common divisor of 60 and t?
12
Let s = -619 + 892. Calculate the highest common divisor of s and 21.
21
Let p(a) = 68*a + 4. Let i be p(1). Calculate the greatest common divisor of 24 and i.
24
Let o(w) = w. Let x be o(6). Let g(q) = q**2 - 4*q - 6. Let p be (162/189)/(2/14). Let j be g(p). What is the highest common factor of j and x?
6
Let i be 2/(-10) + (-1412)/(-10). Let o = -123 + i. Calculate the greatest common factor of o and 198.
18
Suppose 3*o = 3*r + o - 48, 4*r - 3*o = 64. Let j(p) = 4*p**3 - p**2 + 2*p - 1. Let a be j(1). Calculate the highest common divisor of r and a.
4
Let x = 474 - 396. Calculate the greatest common factor of 702 and x.
78
Let t(o) be the first derivative of o**2/2 + 8*o - 5. Let r be t(-10). Let i be 56/20*(-10)/r. Calculate the greatest common factor of 56 and i.
14
Let s be 8/(-12) + (-376)/(-6). Suppose -3*h = 5 - 11. Suppose z - 58 = h*y + 45, -5*y - 211 = -2*z. What is the highest common divisor of z and s?
31
Suppose -2*p + 2*h + 5 = -13, 0 = -p - h + 1. Suppose 4*u - 45 = i, 3*u + 2*u - 50 = -p*i. What is the highest common divisor of 11 and u?
11
Let a(n) = 6*n**2 + 111*n + 130. Let m be a(-39). What is the highest common divisor of m and 13?
13
Let k be 1/(-4) - (20745/(-12))/15. Suppose k = 3*r + 2*r + 3*d, 4*r - 4*d - 60 = 0. Calculate the greatest common divisor of 60 and r.
20
Suppose 5*p - 292 + 109 = -4*h, 0 = p + 5*h - 45. Let l = -420 + 700. What is the highest common divisor of p and l?
35
Suppose 0 + 0 = 3*i. Suppose i = -3*v + 13 + 35. What is the greatest common factor of 4 and v?
4
Let x = -982 - -987. Suppose 4*b - 32 - 48 = 0. Calculate the highest common factor of b and x.
5
Let v(y) = 1 + 8 + 7*y**2 - 8*y - 1. Let j = 216 - 212. Let c be v(j). What is the greatest common factor of 22 and c?
22
Let w = 365 - 282. What is the greatest common factor of w and 581?
83
Let j be ((-40)/(-15))/((-4)/30). Let y be ((-24)/(-10))/((-6)/j). Let x(u) = 8*u**3 - u**2 + u. Let i be x(1). Calculate the highest common factor of i and y.
8
Let i(o) = -44*o - 110. Let z be i(-6). Calculate the greatest common divisor of z and 14.
14
Let l be (-5 - -5)*1/(-2). Suppose -8*x + 24 = -l*x. Let c be -2*(-2)/3*x. Calculate the highest common factor of 4 and c.
4
Let l = -238 - -259. What is the highest common factor of 84 and l?
21
Let y(n) = -352*n + 144. Let h be y(-3). What is the highest common divisor of 30 and h?
30
Suppose 0 = -3*f - f + 608. Suppose -t + 2*t = f. Suppose 5*q + 32 = t. Calculate the greatest common factor of q and 8.
8
Suppose 6321 - 6441 = -2*h. What is the highest common factor of h and 52?
4
Let z(s) = -s**2 - 3*s + 6. Let k be z(-3). Suppose -2*c + 2*m = -0*c, -4*m = -c - k. Suppose 0 = 5*t + 4 - 14. What is the highest common divisor of t and c?
2
Suppose 2*s = 5*r - 356, -4*r + 265 = -0*r + 5*s. What is the greatest common factor of 10 and r?
10
Let l(v) be the third derivative of v**5/12 - v**4/24 + v**3/2 - 2*v**2 - 1. Let s be l(3). What is the greatest common factor of s and 36?
9
Let a(j) = 4*j + 1. Let v be a(1). Suppose -3*z + v*k = -56, 4*k - k = -3. Let m be (9 - 6)/(2/68*6). What is the greatest common divisor of z and m?
17
Suppose 8*y - 1406 = 6*y. What is the highest common divisor of y and 19?
19
Let l be (-5200)/(-72) + 12/(-54). What is the greatest common factor of 504 and l?
72
Let s be 7*(-2 + 60 - 3). Calculate the greatest common factor of s and 165.
55
Let h be 369 - (-3 - (-2)/1). Let y = -31 - -68. What is the highest common factor of y and h?
37
Let s be 131/(-524) - (-18)/8. Calculate the highest common divisor of s and 41.
1
Suppose 3*r - 68 = 2*o - 26, -24 = -3*r - 4*o. What is the greatest common divisor of 108 and r?
12
Let b(n) = n**3 - 9*n**2 + 9*n + 3. Let l be b(9). Let s = 99 - l. Suppose -i = i - 90. What is the highest common factor of s and i?
15
Let w be 3 + 3 + -5 + -27. Let k be (-2)/(-6)*(4 - w). Suppose -5*d + k = h - 3*d, 4*h = 5*d + 66. Calculate the highest common factor of h and 2.
2
Let c(h) = -h**3 + 3*h**2 - 8*h - 30. Let b be c(-5). Calculate the highest common factor of 30 and b.
30
Let i = 2 + -55. Let x = 10 - i. Calculate the greatest common divisor of x and 18.
9
Suppose 27*a - 66 = 25*a. Suppose -105 = -3*v - a. What is the greatest common factor of 12 and v?
12
Let m = 37 + -32. Calculate the highest common divisor of m and 305.
5
Suppose -15 = 33*n - 38*n. Suppose 79 = n*x - 116. Let q = -21 - -47. What is the highest common factor of q and x?
13
Suppose -5*q = 20, -23*b - q - 68 = -27*b. Calculate the greatest common factor of b and 2416.
16
Suppose -21*k + 6512 = k. What is the greatest common divisor of k and 74?
74
Suppose -4*o + 32 + 40 = 0. Let p be -196*((-63)/(-12))/(-7). Suppose -2*t = 5*i + t - p, 4 = t. Calculate the highest common factor of o and i.
9
Let s = -489 - -1047. What is the greatest common divisor of 62 and s?
62
Suppose 0 = 4*v + 4*j - 664, -2*v - 11*j = -16*j - 346. Calculate the highest common factor of v and 96.
24
Let x(t) = 123*t**2 + 12*t + 10. Let m be x(-4). What is the greatest common divisor of m and 20?
10
Suppose 0 = -c + 4*n + 26, -4*n - 86 = -4*c + 18. Let t be (62 - 4)*(-3)/6. Let d = t + 55. Calculate the greatest common divisor of d and c.
26
Suppose -5*s = -5*m + 40, 0 = 3*m + 2*m - 2*s - 37. Let p = -53 - -123. What is the highest common factor of m and p?
7
Let h be (52/8 + -1)*2. Let g(l) = 198*l + 1. Let t be g(1). Let n = 298 - t. Calculate the greatest common divisor of n and h.
11
Let k(h) = h**3 - 9*h**2 + 5. Suppose 6*f - 41 - 13 = 0. Let g be k(f). What is the high